
{"id":1251,"date":"2017-06-14T18:28:31","date_gmt":"2017-06-14T16:28:31","guid":{"rendered":"http:\/\/ableiges.fr\/wp-content\/uploads\/2017\/06\/20170611_200821.jpg"},"modified":"2017-06-14T19:04:08","modified_gmt":"2017-06-14T17:04:08","slug":"20170611_200821","status":"inherit","type":"attachment","link":"https:\/\/ableiges.fr\/?attachment_id=1251","title":{"rendered":"20170611_200821"},"author":3,"featured_media":0,"comment_status":"closed","ping_status":"closed","template":"","meta":{"_mi_skip_tracking":false},"description":{"rendered":"<p class=\"attachment\"><a href='https:\/\/ableiges.fr\/wp-content\/uploads\/2017\/06\/20170611_200821-e1497457804133.jpg'><img loading=\"lazy\" decoding=\"async\" width=\"225\" height=\"300\" src=\"https:\/\/ableiges.fr\/wp-content\/uploads\/2017\/06\/20170611_200821-e1497457804133-225x300.jpg\" class=\"attachment-medium size-medium\" alt=\"\" srcset=\"https:\/\/ableiges.fr\/wp-content\/uploads\/2017\/06\/20170611_200821-e1497457804133-225x300.jpg 225w, https:\/\/ableiges.fr\/wp-content\/uploads\/2017\/06\/20170611_200821-e1497457804133-768x1024.jpg 768w\" sizes=\"(max-width: 225px) 100vw, 225px\" \/><\/a><\/p>\n"},"caption":{"rendered":"<p>De gauche \u00e0 droite : Gr\u00e9gory pr\u00e9sident du tennis club, Marina vainqueur du tournoi interne, isabelle finaliste, karim notre tr\u00e9sorier et Catherine notre s\u00e9cretaire.<\/p>\n"},"alt_text":"","media_type":"image","mime_type":"image\/jpeg","media_details":{"width":2448,"height":3264,"file":"2017\/06\/20170611_200821-e1497457804133.jpg","sizes":{"thumbnail":{"file":"20170611_200821-e1497457804133-150x150.jpg","width":150,"height":150,"mime_type":"image\/jpeg","source_url":"https:\/\/ableiges.fr\/wp-content\/uploads\/2017\/06\/20170611_200821-e1497457804133-150x150.jpg"},"medium":{"file":"20170611_200821-e1497457804133-225x300.jpg","width":225,"height":300,"mime_type":"image\/jpeg","source_url":"https:\/\/ableiges.fr\/wp-content\/uploads\/2017\/06\/20170611_200821-e1497457804133-225x300.jpg"},"medium_large":{"file":"20170611_200821-e1497457804133-768x1024.jpg","width":768,"height":1024,"mime_type":"image\/jpeg","source_url":"https:\/\/ableiges.fr\/wp-content\/uploads\/2017\/06\/20170611_200821-e1497457804133-768x1024.jpg"},"large":{"file":"20170611_200821-e1497457804133-768x1024.jpg","width":768,"height":1024,"mime_type":"image\/jpeg","source_url":"https:\/\/ableiges.fr\/wp-content\/uploads\/2017\/06\/20170611_200821-e1497457804133-768x1024.jpg"},"event-thumbnail":{"file":"20170611_200821-e1497457804133-135x100.jpg","width":135,"height":100,"mime_type":"image\/jpeg","source_url":"https:\/\/ableiges.fr\/wp-content\/uploads\/2017\/06\/20170611_200821-e1497457804133-135x100.jpg"},"featured-thumbnail":{"file":"20170611_200821-e1497457804133-350x245.jpg","width":350,"height":245,"mime_type":"image\/jpeg","source_url":"https:\/\/ableiges.fr\/wp-content\/uploads\/2017\/06\/20170611_200821-e1497457804133-350x245.jpg"},"portfolio-thumbnail":{"file":"20170611_200821-e1497457804133-400x450.jpg","width":400,"height":450,"mime_type":"image\/jpeg","source_url":"https:\/\/ableiges.fr\/wp-content\/uploads\/2017\/06\/20170611_200821-e1497457804133-400x450.jpg"},"template_two_event_home":{"file":"20170611_200821-e1497457804133-273x235.jpg","width":273,"height":235,"mime_type":"image\/jpeg","source_url":"https:\/\/ableiges.fr\/wp-content\/uploads\/2017\/06\/20170611_200821-e1497457804133-273x235.jpg"},"full":{"file":"20170611_200821-e1497457804133.jpg","width":2448,"height":3264,"mime_type":"image\/jpeg","source_url":"https:\/\/ableiges.fr\/wp-content\/uploads\/2017\/06\/20170611_200821-e1497457804133.jpg"}},"image_meta":{"aperture":"1.9","credit":"","camera":"SM-J710F","caption":"","created_timestamp":"1497204501","copyright":"","focal_length":"3.7","iso":"50","shutter_speed":"0.01","title":"","orientation":"6","keywords":[]}},"post":1250,"source_url":"https:\/\/ableiges.fr\/wp-content\/uploads\/2017\/06\/20170611_200821-e1497457804133.jpg","_links":{"self":[{"href":"https:\/\/ableiges.fr\/index.php?rest_route=\/wp\/v2\/media\/1251"}],"collection":[{"href":"https:\/\/ableiges.fr\/index.php?rest_route=\/wp\/v2\/media"}],"about":[{"href":"https:\/\/ableiges.fr\/index.php?rest_route=\/wp\/v2\/types\/attachment"}],"author":[{"embeddable":true,"href":"https:\/\/ableiges.fr\/index.php?rest_route=\/wp\/v2\/users\/3"}],"replies":[{"embeddable":true,"href":"https:\/\/ableiges.fr\/index.php?rest_route=%2Fwp%2Fv2%2Fcomments&post=1251"}]}}

<p>De gauche à droite : Grégory président du tennis club, Marina vainqueur du tournoi interne, isabelle finaliste, karim notre trésorier et Catherine notre sécretaire.</p>
