
{"id":242,"date":"2016-06-21T11:07:22","date_gmt":"2016-06-21T09:07:22","guid":{"rendered":"http:\/\/ableiges.fr\/?page_id=242"},"modified":"2016-06-21T11:07:22","modified_gmt":"2016-06-21T09:07:22","slug":"ableiges-cartes-postales","status":"publish","type":"page","link":"https:\/\/ableiges.fr\/?page_id=242","title":{"rendered":"Ableiges en cartes postales"},"content":{"rendered":"<style type=\"text\/css\">\n#foogallery-gallery-226 .fg-image { width: 150px; }\n#foogallery-gallery-226 { --fg-gutter: 5px; }<\/style>\n\t\t\t<div class=\"foogallery foogallery-container foogallery-default foogallery-lightbox-foobox-free fg-left fg-default fg-ready fg-light fg-loading-default fg-loaded-fade-in fg-hover-fade fg-hover-zoom\" id=\"foogallery-gallery-226\" data-foogallery=\"{&quot;item&quot;:{&quot;showCaptionTitle&quot;:true,&quot;showCaptionDescription&quot;:false},&quot;lazy&quot;:true}\" style=\"--fg-title-line-clamp: 0; --fg-description-line-clamp: 0;\" >\n\t<div class=\"fg-item fg-type-image fg-idle\"><figure class=\"fg-item-inner\"><a href=\"https:\/\/ableiges.fr\/wp-content\/uploads\/2016\/06\/ableiges-chemin-des-res-des-veaux.jpg\" data-caption-title=\"Chemin du pr\u00e9 des veaux Ableiges\" data-caption-desc=\"Chemin du pr\u00e9 des veaux Ableiges\" data-attachment-id=\"227\" data-type=\"image\" class=\"fg-thumb\"><span class=\"fg-image-wrap\"><img decoding=\"async\" alt=\"Chemin du pr\u00e9 des veaux Ableiges\" title=\"Chemin du pr\u00e9 des veaux Ableiges\" width=\"150\" height=\"150\" class=\"skip-lazy fg-image\" data-src-fg=\"https:\/\/ableiges.fr\/wp-content\/uploads\/cache\/2016\/06\/ableiges-chemin-des-res-des-veaux\/-1786267617.jpg\" src=\"data:image\/svg+xml,%3Csvg%20xmlns%3D%22http%3A%2F%2Fwww.w3.org%2F2000%2Fsvg%22%20width%3D%22150%22%20height%3D%22150%22%20viewBox%3D%220%200%20150%20150%22%3E%3C%2Fsvg%3E\" loading=\"eager\"><\/span><span class=\"fg-image-overlay\"><\/span><\/a><figcaption class=\"fg-caption\"><div class=\"fg-caption-inner\"><div class=\"fg-caption-title\">Chemin du pr\u00e9 des veaux Ableiges<\/div><\/div><\/figcaption><\/figure><div class=\"fg-loader\"><\/div><\/div><div class=\"fg-item fg-type-image fg-idle\"><figure class=\"fg-item-inner\"><a href=\"https:\/\/ableiges.fr\/wp-content\/uploads\/2016\/06\/ableiges-leglise.jpg\" data-attachment-id=\"232\" data-type=\"image\" class=\"fg-thumb\"><span class=\"fg-image-wrap\"><img decoding=\"async\" width=\"150\" height=\"150\" class=\"skip-lazy fg-image\" data-src-fg=\"https:\/\/ableiges.fr\/wp-content\/uploads\/cache\/2016\/06\/ableiges-leglise\/-146841108.jpg\" src=\"data:image\/svg+xml,%3Csvg%20xmlns%3D%22http%3A%2F%2Fwww.w3.org%2F2000%2Fsvg%22%20width%3D%22150%22%20height%3D%22150%22%20viewBox%3D%220%200%20150%20150%22%3E%3C%2Fsvg%3E\" loading=\"eager\"><\/span><span class=\"fg-image-overlay\"><\/span><\/a><\/figure><div class=\"fg-loader\"><\/div><\/div><div class=\"fg-item fg-type-image fg-idle\"><figure class=\"fg-item-inner\"><a href=\"https:\/\/ableiges.fr\/wp-content\/uploads\/2016\/06\/ableiges-le-passage-aniveau.jpg\" data-caption-title=\"Le passage \u00e0 niveau d&#039;Ableiges\" data-caption-desc=\"Le passage \u00e0 niveau d&#039;Ableiges\" data-attachment-id=\"233\" data-type=\"image\" class=\"fg-thumb\"><span class=\"fg-image-wrap\"><img decoding=\"async\" alt=\"Le passage \u00e0 niveau d&#039;Ableiges\" title=\"Le passage \u00e0 niveau d&#039;Ableiges\" width=\"150\" height=\"150\" class=\"skip-lazy fg-image\" data-src-fg=\"https:\/\/ableiges.fr\/wp-content\/uploads\/cache\/2016\/06\/ableiges-le-passage-aniveau\/899713620.jpg\" src=\"data:image\/svg+xml,%3Csvg%20xmlns%3D%22http%3A%2F%2Fwww.w3.org%2F2000%2Fsvg%22%20width%3D%22150%22%20height%3D%22150%22%20viewBox%3D%220%200%20150%20150%22%3E%3C%2Fsvg%3E\" loading=\"eager\"><\/span><span class=\"fg-image-overlay\"><\/span><\/a><figcaption class=\"fg-caption\"><div class=\"fg-caption-inner\"><div class=\"fg-caption-title\">Le passage \u00e0 niveau d'Ableiges<\/div><\/div><\/figcaption><\/figure><div class=\"fg-loader\"><\/div><\/div><div class=\"fg-item fg-type-image fg-idle\"><figure class=\"fg-item-inner\"><a href=\"https:\/\/ableiges.fr\/wp-content\/uploads\/2016\/06\/ableiges-le-pont-du-passage-a-niveau.jpg\" data-caption-title=\"Le pont du passage a niveau d&#039;Ableiges\" data-caption-desc=\"Le pont du passage a niveau d&#039;Ableiges\" data-attachment-id=\"234\" data-type=\"image\" class=\"fg-thumb\"><span class=\"fg-image-wrap\"><img decoding=\"async\" alt=\"Le pont du passage a niveau d&#039;Ableiges\" title=\"Le pont du passage a niveau d&#039;Ableiges\" width=\"150\" height=\"150\" class=\"skip-lazy fg-image\" data-src-fg=\"https:\/\/ableiges.fr\/wp-content\/uploads\/cache\/2016\/06\/ableiges-le-pont-du-passage-a-niveau\/439431687.jpg\" src=\"data:image\/svg+xml,%3Csvg%20xmlns%3D%22http%3A%2F%2Fwww.w3.org%2F2000%2Fsvg%22%20width%3D%22150%22%20height%3D%22150%22%20viewBox%3D%220%200%20150%20150%22%3E%3C%2Fsvg%3E\" loading=\"eager\"><\/span><span class=\"fg-image-overlay\"><\/span><\/a><figcaption class=\"fg-caption\"><div class=\"fg-caption-inner\"><div class=\"fg-caption-title\">Le pont du passage a niveau d'Ableiges<\/div><\/div><\/figcaption><\/figure><div class=\"fg-loader\"><\/div><\/div><div class=\"fg-item fg-type-image fg-idle\"><figure class=\"fg-item-inner\"><a href=\"https:\/\/ableiges.fr\/wp-content\/uploads\/2016\/06\/ableiges-rue-principale.jpg\" data-caption-title=\"Rue principale d&#039;Ableiges\" data-caption-desc=\"Rue principale d&#039;Ableiges\" data-attachment-id=\"236\" data-type=\"image\" class=\"fg-thumb\"><span class=\"fg-image-wrap\"><img decoding=\"async\" alt=\"Rue principale d&#039;Ableiges\" title=\"Rue principale d&#039;Ableiges\" width=\"150\" height=\"150\" class=\"skip-lazy fg-image\" data-src-fg=\"https:\/\/ableiges.fr\/wp-content\/uploads\/cache\/2016\/06\/ableiges-rue-principale\/-1937633441.jpg\" src=\"data:image\/svg+xml,%3Csvg%20xmlns%3D%22http%3A%2F%2Fwww.w3.org%2F2000%2Fsvg%22%20width%3D%22150%22%20height%3D%22150%22%20viewBox%3D%220%200%20150%20150%22%3E%3C%2Fsvg%3E\" loading=\"eager\"><\/span><span class=\"fg-image-overlay\"><\/span><\/a><figcaption class=\"fg-caption\"><div class=\"fg-caption-inner\"><div class=\"fg-caption-title\">Rue principale d'Ableiges<\/div><\/div><\/figcaption><\/figure><div class=\"fg-loader\"><\/div><\/div><div class=\"fg-item fg-type-image fg-idle\"><figure class=\"fg-item-inner\"><a href=\"https:\/\/ableiges.fr\/wp-content\/uploads\/2016\/06\/ableiges-rue-principale-1.jpg\" data-caption-title=\"Rue principale d&#039;Ableiges\" data-caption-desc=\"Rue principale d&#039;Ableiges\" data-attachment-id=\"237\" data-type=\"image\" class=\"fg-thumb\"><span class=\"fg-image-wrap\"><img decoding=\"async\" alt=\"Rue principale d&#039;Ableiges\" title=\"Rue principale d&#039;Ableiges\" width=\"150\" height=\"150\" class=\"skip-lazy fg-image\" data-src-fg=\"https:\/\/ableiges.fr\/wp-content\/uploads\/cache\/2016\/06\/ableiges-rue-principale-1\/-522422794.jpg\" src=\"data:image\/svg+xml,%3Csvg%20xmlns%3D%22http%3A%2F%2Fwww.w3.org%2F2000%2Fsvg%22%20width%3D%22150%22%20height%3D%22150%22%20viewBox%3D%220%200%20150%20150%22%3E%3C%2Fsvg%3E\" loading=\"eager\"><\/span><span class=\"fg-image-overlay\"><\/span><\/a><figcaption class=\"fg-caption\"><div class=\"fg-caption-inner\"><div class=\"fg-caption-title\">Rue principale d'Ableiges<\/div><\/div><\/figcaption><\/figure><div class=\"fg-loader\"><\/div><\/div><div class=\"fg-item fg-type-image fg-idle\"><figure class=\"fg-item-inner\"><a href=\"https:\/\/ableiges.fr\/wp-content\/uploads\/2016\/06\/ableiges-sortie-des-ateliers-debenisterie.jpg\" data-caption-title=\"Sortie des ateliers d&#039;\u00e9b\u00e9nisterie d&#039;Ableiges\" data-caption-desc=\"Sortie des ateliers d&#039;\u00e9b\u00e9nisterie d&#039;Ableiges\" data-attachment-id=\"238\" data-type=\"image\" class=\"fg-thumb\"><span class=\"fg-image-wrap\"><img decoding=\"async\" alt=\"Sortie des ateliers d&#039;\u00e9b\u00e9nisterie d&#039;Ableiges\" title=\"Sortie des ateliers d&#039;\u00e9b\u00e9nisterie d&#039;Ableiges\" width=\"150\" height=\"150\" class=\"skip-lazy fg-image\" data-src-fg=\"https:\/\/ableiges.fr\/wp-content\/uploads\/cache\/2016\/06\/ableiges-sortie-des-ateliers-debenisterie\/-653869750.jpg\" src=\"data:image\/svg+xml,%3Csvg%20xmlns%3D%22http%3A%2F%2Fwww.w3.org%2F2000%2Fsvg%22%20width%3D%22150%22%20height%3D%22150%22%20viewBox%3D%220%200%20150%20150%22%3E%3C%2Fsvg%3E\" loading=\"eager\"><\/span><span class=\"fg-image-overlay\"><\/span><\/a><figcaption class=\"fg-caption\"><div class=\"fg-caption-inner\"><div class=\"fg-caption-title\">Sortie des ateliers d'\u00e9b\u00e9nisterie d'Ableiges<\/div><\/div><\/figcaption><\/figure><div class=\"fg-loader\"><\/div><\/div><div class=\"fg-item fg-type-image fg-idle\"><figure class=\"fg-item-inner\"><a href=\"https:\/\/ableiges.fr\/wp-content\/uploads\/2016\/06\/ableiges-usine-jacob.jpg\" data-caption-title=\"Usines Jacob d&#039;Ableiges\" data-caption-desc=\"Usines Jacob d&#039;Ableiges\" data-attachment-id=\"239\" data-type=\"image\" class=\"fg-thumb\"><span class=\"fg-image-wrap\"><img decoding=\"async\" alt=\"Usines Jacob d&#039;Ableiges\" title=\"Usines Jacob d&#039;Ableiges\" width=\"150\" height=\"150\" class=\"skip-lazy fg-image\" data-src-fg=\"https:\/\/ableiges.fr\/wp-content\/uploads\/cache\/2016\/06\/ableiges-usine-jacob\/617814796.jpg\" src=\"data:image\/svg+xml,%3Csvg%20xmlns%3D%22http%3A%2F%2Fwww.w3.org%2F2000%2Fsvg%22%20width%3D%22150%22%20height%3D%22150%22%20viewBox%3D%220%200%20150%20150%22%3E%3C%2Fsvg%3E\" loading=\"eager\"><\/span><span class=\"fg-image-overlay\"><\/span><\/a><figcaption class=\"fg-caption\"><div class=\"fg-caption-inner\"><div class=\"fg-caption-title\">Usines Jacob d'Ableiges<\/div><\/div><\/figcaption><\/figure><div class=\"fg-loader\"><\/div><\/div><div class=\"fg-item fg-type-image fg-idle\"><figure class=\"fg-item-inner\"><a href=\"https:\/\/ableiges.fr\/wp-content\/uploads\/2016\/06\/la-villeneuve-saint-martin.jpg\" data-caption-title=\"La Villeneuve-St-Martin Vue d&#039;ensemble\" data-caption-desc=\"La Villeneuve-St-Martin Vue d&#039;ensemble\" data-attachment-id=\"241\" data-type=\"image\" class=\"fg-thumb\"><span class=\"fg-image-wrap\"><img decoding=\"async\" alt=\"La Villeneuve-St-Martin Vue d&#039;ensemble\" title=\"La Villeneuve-St-Martin Vue d&#039;ensemble\" width=\"150\" height=\"150\" class=\"skip-lazy fg-image\" data-src-fg=\"https:\/\/ableiges.fr\/wp-content\/uploads\/cache\/2016\/06\/la-villeneuve-saint-martin\/1866755298.jpg\" src=\"data:image\/svg+xml,%3Csvg%20xmlns%3D%22http%3A%2F%2Fwww.w3.org%2F2000%2Fsvg%22%20width%3D%22150%22%20height%3D%22150%22%20viewBox%3D%220%200%20150%20150%22%3E%3C%2Fsvg%3E\" loading=\"eager\"><\/span><span class=\"fg-image-overlay\"><\/span><\/a><figcaption class=\"fg-caption\"><div class=\"fg-caption-inner\"><div class=\"fg-caption-title\">La Villeneuve-St-Martin Vue d'ensemble<\/div><\/div><\/figcaption><\/figure><div class=\"fg-loader\"><\/div><\/div><div class=\"fg-item fg-type-image fg-idle\"><figure class=\"fg-item-inner\"><a href=\"https:\/\/ableiges.fr\/wp-content\/uploads\/2016\/06\/Ableiges06.jpg\" data-caption-title=\"Le ch\u00e2teau d&#039;Ableiges\" data-caption-desc=\"Le ch\u00e2teau d&#039;Ableiges\" data-attachment-id=\"630\" data-type=\"image\" class=\"fg-thumb\"><span class=\"fg-image-wrap\"><img decoding=\"async\" alt=\"Le ch\u00e2teau d&#039;Ableiges\" title=\"Le ch\u00e2teau d&#039;Ableiges\" width=\"150\" height=\"150\" class=\"skip-lazy fg-image\" data-src-fg=\"https:\/\/ableiges.fr\/wp-content\/uploads\/cache\/2016\/06\/Ableiges06\/1034546561.jpg\" src=\"data:image\/svg+xml,%3Csvg%20xmlns%3D%22http%3A%2F%2Fwww.w3.org%2F2000%2Fsvg%22%20width%3D%22150%22%20height%3D%22150%22%20viewBox%3D%220%200%20150%20150%22%3E%3C%2Fsvg%3E\" loading=\"eager\"><\/span><span class=\"fg-image-overlay\"><\/span><\/a><figcaption class=\"fg-caption\"><div class=\"fg-caption-inner\"><div class=\"fg-caption-title\">Le ch\u00e2teau d'Ableiges<\/div><\/div><\/figcaption><\/figure><div class=\"fg-loader\"><\/div><\/div><div class=\"fg-item fg-type-image fg-idle\"><figure class=\"fg-item-inner\"><a href=\"https:\/\/ableiges.fr\/wp-content\/uploads\/2016\/06\/Ableiges02.jpg\" data-caption-title=\"Le ch\u00e2teau d&#039;Ableiges Vue de la pi\u00e8ce d&#039;eau\" data-caption-desc=\"Le ch\u00e2teau d&#039;Ableiges Vue de la pi\u00e8ce d&#039;eau\" data-attachment-id=\"631\" data-type=\"image\" class=\"fg-thumb\"><span class=\"fg-image-wrap\"><img decoding=\"async\" alt=\"Le ch\u00e2teau d&#039;Ableiges Vue de la pi\u00e8ce d&#039;eau\" title=\"Le ch\u00e2teau d&#039;Ableiges Vue de la pi\u00e8ce d&#039;eau\" width=\"150\" height=\"150\" class=\"skip-lazy fg-image\" data-src-fg=\"https:\/\/ableiges.fr\/wp-content\/uploads\/cache\/2016\/06\/Ableiges02\/1748811868.jpg\" src=\"data:image\/svg+xml,%3Csvg%20xmlns%3D%22http%3A%2F%2Fwww.w3.org%2F2000%2Fsvg%22%20width%3D%22150%22%20height%3D%22150%22%20viewBox%3D%220%200%20150%20150%22%3E%3C%2Fsvg%3E\" loading=\"eager\"><\/span><span class=\"fg-image-overlay\"><\/span><\/a><figcaption class=\"fg-caption\"><div class=\"fg-caption-inner\"><div class=\"fg-caption-title\">Le ch\u00e2teau d'Ableiges Vue de la pi\u00e8ce d'eau<\/div><\/div><\/figcaption><\/figure><div class=\"fg-loader\"><\/div><\/div><div class=\"fg-item fg-type-image fg-idle\"><figure class=\"fg-item-inner\"><a href=\"https:\/\/ableiges.fr\/wp-content\/uploads\/2016\/06\/Ableiges03.jpg\" data-caption-title=\"Ableiges Panorama\" data-caption-desc=\"Ableiges Panorama\" data-attachment-id=\"632\" data-type=\"image\" class=\"fg-thumb\"><span class=\"fg-image-wrap\"><img decoding=\"async\" alt=\"Ableiges Panorama\" title=\"Ableiges Panorama\" width=\"150\" height=\"150\" class=\"skip-lazy fg-image\" data-src-fg=\"https:\/\/ableiges.fr\/wp-content\/uploads\/cache\/2016\/06\/Ableiges03\/226927594.jpg\" src=\"data:image\/svg+xml,%3Csvg%20xmlns%3D%22http%3A%2F%2Fwww.w3.org%2F2000%2Fsvg%22%20width%3D%22150%22%20height%3D%22150%22%20viewBox%3D%220%200%20150%20150%22%3E%3C%2Fsvg%3E\" loading=\"eager\"><\/span><span class=\"fg-image-overlay\"><\/span><\/a><figcaption class=\"fg-caption\"><div class=\"fg-caption-inner\"><div class=\"fg-caption-title\">Ableiges Panorama<\/div><\/div><\/figcaption><\/figure><div class=\"fg-loader\"><\/div><\/div><div class=\"fg-item fg-type-image fg-idle\"><figure class=\"fg-item-inner\"><a href=\"https:\/\/ableiges.fr\/wp-content\/uploads\/2016\/06\/Ableiges04.jpg\" data-caption-title=\"Ableiges Vue d&#039;ensemble\" data-caption-desc=\"Ableiges Vue d&#039;ensemble\" data-attachment-id=\"633\" data-type=\"image\" class=\"fg-thumb\"><span class=\"fg-image-wrap\"><img decoding=\"async\" alt=\"Ableiges Vue d&#039;ensemble\" title=\"Ableiges Vue d&#039;ensemble\" width=\"150\" height=\"150\" class=\"skip-lazy fg-image\" data-src-fg=\"https:\/\/ableiges.fr\/wp-content\/uploads\/cache\/2016\/06\/Ableiges04\/-694384172.jpg\" src=\"data:image\/svg+xml,%3Csvg%20xmlns%3D%22http%3A%2F%2Fwww.w3.org%2F2000%2Fsvg%22%20width%3D%22150%22%20height%3D%22150%22%20viewBox%3D%220%200%20150%20150%22%3E%3C%2Fsvg%3E\" loading=\"eager\"><\/span><span class=\"fg-image-overlay\"><\/span><\/a><figcaption class=\"fg-caption\"><div class=\"fg-caption-inner\"><div class=\"fg-caption-title\">Ableiges Vue d'ensemble<\/div><\/div><\/figcaption><\/figure><div class=\"fg-loader\"><\/div><\/div><\/div>\n\n","protected":false},"excerpt":{"rendered":"#foogallery-gallery-226_1 .fg-image { width: 150px; } #foogallery-gallery-226_1 { --fg-gutter: 5px; } Chemin du pr\u00e9 des veaux AbleigesLe passage \u00e0 niveau d'AbleigesLe pont du passage a niveau d'AbleigesRue principale d'AbleigesRue principale d'AbleigesSortie des ateliers d'\u00e9b\u00e9nisterie d'AbleigesUsines Jacob d'AbleigesLa Villeneuve-St-Martin Vue d'ensembleLe ch\u00e2teau d'AbleigesLe ch\u00e2teau d'Ableiges Vue de la pi\u00e8ce d'eauAbleiges PanoramaAbleiges Vue d'ensemble","protected":false},"author":1,"featured_media":0,"parent":43,"menu_order":0,"comment_status":"closed","ping_status":"closed","template":"","meta":{"_mi_skip_tracking":false,"footnotes":""},"_links":{"self":[{"href":"https:\/\/ableiges.fr\/index.php?rest_route=\/wp\/v2\/pages\/242"}],"collection":[{"href":"https:\/\/ableiges.fr\/index.php?rest_route=\/wp\/v2\/pages"}],"about":[{"href":"https:\/\/ableiges.fr\/index.php?rest_route=\/wp\/v2\/types\/page"}],"author":[{"embeddable":true,"href":"https:\/\/ableiges.fr\/index.php?rest_route=\/wp\/v2\/users\/1"}],"replies":[{"embeddable":true,"href":"https:\/\/ableiges.fr\/index.php?rest_route=%2Fwp%2Fv2%2Fcomments&post=242"}],"version-history":[{"count":1,"href":"https:\/\/ableiges.fr\/index.php?rest_route=\/wp\/v2\/pages\/242\/revisions"}],"predecessor-version":[{"id":243,"href":"https:\/\/ableiges.fr\/index.php?rest_route=\/wp\/v2\/pages\/242\/revisions\/243"}],"up":[{"embeddable":true,"href":"https:\/\/ableiges.fr\/index.php?rest_route=\/wp\/v2\/pages\/43"}],"wp:attachment":[{"href":"https:\/\/ableiges.fr\/index.php?rest_route=%2Fwp%2Fv2%2Fmedia&parent=242"}],"curies":[{"name":"wp","href":"https:\/\/api.w.org\/{rel}","templated":true}]}}