
{"id":5879,"date":"2021-11-21T22:09:34","date_gmt":"2021-11-21T21:09:34","guid":{"rendered":"https:\/\/ableiges.fr\/?page_id=5879"},"modified":"2024-10-12T15:24:16","modified_gmt":"2024-10-12T13:24:16","slug":"le-conseil-municipal-des-jeunes-cmj","status":"publish","type":"page","link":"https:\/\/ableiges.fr\/?page_id=5879","title":{"rendered":"Le Conseil Municipal des Jeunes(CMJ)"},"content":{"rendered":"\r\n<p>Le quatri\u00e8me CMJ a \u00e9t\u00e9 \u00e9lu en octobre 2024.\u00a0 Ces jeunes \u00e9lus vont repr\u00e9senter, durant une ann\u00e9e, la commune d&#8217;Ableiges &#8211; La Villeneuve-Saint-Matin. Le maire et des membres de son conseil municipal ont install\u00e9 cette nouvelle \u00e9quipe du CMJ d\u00e9but novembre. Les petits \u00e9lus ont d\u00e9j\u00e0 plein d&#8217;id\u00e9es pour faire de leur commune, un lieu de bien \u00eatre !<\/p>\r\n<p>Les jeunes \u00e9lus du mandat 2024 2025<\/p>\r\n<p><strong><a href=\"https:\/\/ableiges.fr\/wp-content\/uploads\/2024\/10\/whatsapp-image-2024-10-11-at-18.43.54-1.jpeg\"><img loading=\"lazy\" decoding=\"async\" class=\"size-thumbnail wp-image-7727 aligncenter\" src=\"https:\/\/ableiges.fr\/wp-content\/uploads\/2024\/10\/whatsapp-image-2024-10-11-at-18.43.54-1-150x150.jpeg\" alt=\"\" width=\"150\" height=\"150\" \/><\/a><br \/>Prochaines \u00e9lections des jeunes \u00e9lus en octobre 2025.<\/strong><\/p>\r\n\r\n\r\n","protected":false},"excerpt":{"rendered":"<p>Le quatri\u00e8me CMJ a \u00e9t\u00e9 \u00e9lu en octobre 2024.\u00a0 Ces jeunes \u00e9lus vont repr\u00e9senter, durant une ann\u00e9e, la commune d&#8217;Ableiges &#8211; La Villeneuve-Saint-Matin. Le maire et des membres de son conseil municipal ont install\u00e9 cette nouvelle \u00e9quipe du CMJ d\u00e9but novembre. Les petits \u00e9lus ont d\u00e9j\u00e0 plein d&#8217;id\u00e9es pour faire de leur commune, un lieu [&hellip;]<\/p>\n","protected":false},"author":4,"featured_media":0,"parent":0,"menu_order":0,"comment_status":"closed","ping_status":"closed","template":"","meta":{"_mi_skip_tracking":false,"footnotes":""},"_links":{"self":[{"href":"https:\/\/ableiges.fr\/index.php?rest_route=\/wp\/v2\/pages\/5879"}],"collection":[{"href":"https:\/\/ableiges.fr\/index.php?rest_route=\/wp\/v2\/pages"}],"about":[{"href":"https:\/\/ableiges.fr\/index.php?rest_route=\/wp\/v2\/types\/page"}],"author":[{"embeddable":true,"href":"https:\/\/ableiges.fr\/index.php?rest_route=\/wp\/v2\/users\/4"}],"replies":[{"embeddable":true,"href":"https:\/\/ableiges.fr\/index.php?rest_route=%2Fwp%2Fv2%2Fcomments&post=5879"}],"version-history":[{"count":16,"href":"https:\/\/ableiges.fr\/index.php?rest_route=\/wp\/v2\/pages\/5879\/revisions"}],"predecessor-version":[{"id":6373,"href":"https:\/\/ableiges.fr\/index.php?rest_route=\/wp\/v2\/pages\/5879\/revisions\/6373"}],"wp:attachment":[{"href":"https:\/\/ableiges.fr\/index.php?rest_route=%2Fwp%2Fv2%2Fmedia&parent=5879"}],"curies":[{"name":"wp","href":"https:\/\/api.w.org\/{rel}","templated":true}]}}